{"id":8,"date":"2023-04-19T17:28:56","date_gmt":"2023-04-19T17:28:56","guid":{"rendered":"https:\/\/fupserpr.org\/home\/"},"modified":"2023-05-02T02:58:40","modified_gmt":"2023-05-02T02:58:40","slug":"home","status":"publish","type":"page","link":"https:\/\/fupserpr.org\/","title":{"rendered":"!Bienvenidos a FUPSER!"},"content":{"rendered":"\n<div class=\"wp-block-cover alignfull has-custom-content-position is-position-center-left\" style=\"min-height:100vh;aspect-ratio:unset;\"><span aria-hidden=\"true\" class=\"wp-block-cover__background has-background-dim-0 has-background-dim\"><\/span><img loading=\"lazy\" decoding=\"async\" width=\"1000\" height=\"667\" class=\"wp-block-cover__image-background wp-image-32\" alt=\"\" src=\"https:\/\/fupserpr.org\/wp-content\/uploads\/2023\/05\/IMG_4929.jpg\" data-object-fit=\"cover\" srcset=\"https:\/\/fupserpr.org\/wp-content\/uploads\/2023\/05\/IMG_4929.jpg 1000w, https:\/\/fupserpr.org\/wp-content\/uploads\/2023\/05\/IMG_4929-300x200.jpg 300w, https:\/\/fupserpr.org\/wp-content\/uploads\/2023\/05\/IMG_4929-768x512.jpg 768w\" sizes=\"auto, (max-width: 1000px) 100vw, 1000px\" \/><div class=\"wp-block-cover__inner-container is-layout-flow wp-block-cover-is-layout-flow\">\n<h1 class=\"has-text-align-center wp-block-heading has-quaternary-color has-text-color\"><strong>Fundaci\u00f3n Unidos para Servir<\/strong> (FUPSER)<\/h1>\n\n\n\n<div class=\"wp-block-buttons is-layout-flex wp-block-buttons-is-layout-flex\">\n<div class=\"wp-block-button\"><a class=\"wp-block-button__link wp-element-button\" href=\"https:\/\/fupserpr.org\/?page_id=11(abre en una nueva pesta\u00f1a)\">Conocenos<\/a><\/div>\n<\/div>\n<\/div><\/div>\n\n\n\n<div class=\"wp-block-columns alignwide is-layout-flex wp-container-core-columns-is-layout-9d6595d7 wp-block-columns-is-layout-flex\">\n<div class=\"wp-block-column is-layout-flow wp-block-column-is-layout-flow\" style=\"flex-basis:66.66%\">\n<h2 class=\"wp-block-heading\">Nuestro Trasfondo<\/h2>\n\n\n\n<p>La Fundaci\u00f3n Unidos para Servir es una organizaci\u00f3n sin fines de lucro (501c3) y un centro <a href=\"https:\/\/www.hud.gov\/envisioncenters\" data-type=\"URL\" data-id=\"https:\/\/www.hud.gov\/envisioncenters\">EnVision Center<\/a> designada por el U.S.HUD, la cual surge en el 2017 a partir del compromiso y experiencia de nuestros fundadores en desarrollar la capacidad de autogesti\u00f3n de nuestra poblaci\u00f3n para enfrentar los retos de nuestra comunidad.\u00a0 Fundamentados en esta visi\u00f3n iniciamos nuestro derrotero formulando ante el administraci\u00f3n del Municipio Aut\u00f3nomo de Manat\u00ed \u00a0necesidad de convertir una escuela p\u00fablica comunitaria en desuso, en deterioro y a punto de convertirse en un refugio de toda clase de actividad negativa en un centro de transformaci\u00f3n comunitario. Con el apoyo de la administraci\u00f3n y la legislatura municipal la conversi\u00f3n de la entonces escuela Jos\u00e9 Mel\u00e9ndez Ayala I en el Centro de Transformaci\u00f3n Comunitaria de Boquillas establece la piedra angular y centro de operaci\u00f3n desde donde se comienzan a lanzar programas de capacitaci\u00f3n, apoyo y de inclusi\u00f3n comunitaria.<\/p>\n\n\n\n<p>El hurac\u00e1n Mar\u00eda marca un punto de soldadura en el desarrollo de nuestra organizaci\u00f3n.\u00a0 El centro de Boquillas se convierte por necesidad org\u00e1nica en un refugio, luego en una localidad de acopio y\u00a0 distribuci\u00f3n de todo tipo de recurso para nuestros constituyentes.\u00a0 Desde el Centro de Transformaci\u00f3n Social se reciben y distribuyen cientos de toneladas de agua, alimento, ropa, art\u00edculos personales, y suplido m\u00e9dico.\u00a0 Se preparan y ofrecen miles de alimentos preparados. Implementamos actividades de avivamiento comunitario como fue la celebraci\u00f3n del D\u00eda de Reyes, Dia de MAdres, Dia del Padre, Noches de Bohemia y conciertos.\u00a0 Todo lo anterior apoyado por una base impresionante de voluntariado.<\/p>\n\n\n\n<p>Pasada la crisis inmediata del hurac\u00e1n Mar\u00eda el Centro y nuestra Fundaci\u00f3n retoma su cauce y comienza la transformaci\u00f3n de la facilidad al albergar una instituci\u00f3n\u00a0 para apoyo y servicio de adultos de mayor edad, una biblioteca digital municipal, provee espacio a tropas de Ni\u00f1os y Ni\u00f1as Escuchas, una tropa y las facilidades de FUPSER.\u00a0 Es desde ese momento que comenzamos a ofrecer nuestros programas educativos y de autogesti\u00f3n comunitaria apoyados por una segunda facilidad en el Centro FUPSER Cruz Rosa Rivas en el barrio Tierras Nuevas en Manat\u00ed, Puerto Rico. Te invitamos a conocer m\u00e1s sobre nuestra fundaci\u00f3n en nuestra p\u00e1gina de <a href=\"https:\/\/m.facebook.com\/fupserpr\" data-type=\"URL\" data-id=\"https:\/\/m.facebook.com\/fupserpr\">FaceBook: Fundacion Unidos para Servir Puerto Rico<\/a> en esta pagina recibiras informaci\u00f3n sobre el calendario de actividades y sobre nuestras iniciativas.<\/p>\n<\/div>\n\n\n\n<div class=\"wp-block-column is-layout-flow wp-block-column-is-layout-flow\" style=\"flex-basis:33.33%\">\n<figure class=\"wp-block-image size-full is-resized\"><img loading=\"lazy\" decoding=\"async\" src=\"https:\/\/fupserpr.org\/wp-content\/uploads\/2023\/05\/Fundacion-Unidos-logo-FINAL.jpg\" alt=\"\" class=\"wp-image-31\" width=\"358\" height=\"195\" srcset=\"https:\/\/fupserpr.org\/wp-content\/uploads\/2023\/05\/Fundacion-Unidos-logo-FINAL.jpg 477w, https:\/\/fupserpr.org\/wp-content\/uploads\/2023\/05\/Fundacion-Unidos-logo-FINAL-300x164.jpg 300w\" sizes=\"auto, (max-width: 358px) 100vw, 358px\" \/><\/figure>\n<\/div>\n<\/div>\n\n\n\n<div class=\"wp-block-group alignfull has-tertiary-background-color has-background\"><div class=\"wp-block-group__inner-container is-layout-flow wp-block-group-is-layout-flow\">\n<div style=\"height:20px\" aria-hidden=\"true\" class=\"wp-block-spacer\"><\/div>\n\n\n\n<div class=\"wp-block-columns is-layout-flex wp-container-core-columns-is-layout-9d6595d7 wp-block-columns-is-layout-flex\">\n<div class=\"wp-block-column is-layout-flow wp-block-column-is-layout-flow\">\n<h4 class=\"has-text-align-center wp-block-heading\">Mision<\/h4>\n\n\n\n<p>La Fundaci\u00f3n Unidos para Servir (FUPSER) promueve programas educativos de diversa \u00edndole donde el ciudadano adquiera conocimientos y destrezas que lo conduzcan a mejorar sus propios recursos, capacidad productiva, capacidad intelectual y calidad como ser humano.<\/p>\n<\/div>\n\n\n\n<div class=\"wp-block-column is-layout-flow wp-block-column-is-layout-flow\">\n<h4 class=\"has-text-align-center wp-block-heading\">Proposito<\/h4>\n\n\n\n<p>La Fundaci\u00f3n Unidos para Servir (FUPSER) ha sido creada para prop\u00f3sitos educativos, los cuales se mencionan a continuaci\u00f3n:<\/p>\n\n\n\n<ul class=\"wp-block-list\">\n<li>Establecer programas educativos de diversas \u00edndoles donde el ciudadano adquiera conocimientos y destrezas que lo conduzcan a mejorar sus propios recursos, capacidad productiva, capacidad intelectual y calidad como ser humano.<\/li>\n\n\n\n<li>Establecer y administrar las instituciones o centros educativos que sean necesarios para implantar los diversos programas educativos, sociales, recreativos y culturales que se elaboren.<\/li>\n\n\n\n<li>FUPSER se gu\u00eda por los objetivos de desarrollo sostenible (<a href=\"http:\/\/www.undp.org\/content\/undp\/es\/home\/sustainable-development-goals.html\" target=\"_blank\" rel=\"noreferrer noopener\">#ODS<\/a>) de la organizaci\u00f3n de las Naciones Unidas.<\/li>\n<\/ul>\n<\/div>\n<\/div>\n<\/div><\/div>\n\n\n\n<figure class=\"wp-block-image alignwide size-medium\"><img loading=\"lazy\" decoding=\"async\" width=\"300\" height=\"169\" src=\"https:\/\/fupserpr.org\/wp-content\/uploads\/2023\/05\/a12dce3e-0b79-4f6c-a417-45007258963a-300x169.jpg\" alt=\"\" class=\"wp-image-39\" srcset=\"https:\/\/fupserpr.org\/wp-content\/uploads\/2023\/05\/a12dce3e-0b79-4f6c-a417-45007258963a-300x169.jpg 300w, https:\/\/fupserpr.org\/wp-content\/uploads\/2023\/05\/a12dce3e-0b79-4f6c-a417-45007258963a-1024x576.jpg 1024w, https:\/\/fupserpr.org\/wp-content\/uploads\/2023\/05\/a12dce3e-0b79-4f6c-a417-45007258963a-768x432.jpg 768w, https:\/\/fupserpr.org\/wp-content\/uploads\/2023\/05\/a12dce3e-0b79-4f6c-a417-45007258963a-1536x864.jpg 1536w, https:\/\/fupserpr.org\/wp-content\/uploads\/2023\/05\/a12dce3e-0b79-4f6c-a417-45007258963a.jpg 1600w\" sizes=\"auto, (max-width: 300px) 100vw, 300px\" \/><\/figure>\n\n\n\n<div class=\"wp-block-columns alignwide is-layout-flex wp-container-core-columns-is-layout-9d6595d7 wp-block-columns-is-layout-flex\">\n<div class=\"wp-block-column is-layout-flow wp-block-column-is-layout-flow\" style=\"flex-basis:80%\">\n<blockquote class=\"wp-block-quote is-style-large is-layout-flow wp-block-quote-is-layout-flow\">\n<p>\u00abFalta mucho por hacer&#8230;pero lo estamos haciendo\u00bb &#8211; Padre Carlos E. Granados, Co-Fundador de FUPSER<\/p>\n<\/blockquote>\n<\/div>\n<\/div>\n\n\n\n<div class=\"wp-block-coblocks-features alignwide coblocks-features-7142041440\"><div class=\"wp-block-coblocks-features__inner has-columns has-2-columns has-responsive-columns has-left-content has-large-gutter\">\n<div class=\"wp-block-coblocks-feature coblocks-feature-71420414465\"><div class=\"wp-block-coblocks-feature__inner has-no-padding\"><div class=\"wp-block-coblocks-icon\">\n\t\t\t\t<div class=\"wp-block-coblocks-icon__inner has-text-color has-primary-color\" style=\"height: 60px; width: 60px;\">\n\t\t\t\t\t<svg fill=\"none\" viewBox=\"0 0 20 20\" xmlns=\"http:\/\/www.w3.org\/2000\/svg\"><path d=\"m10.0268555 5.68859375.97 2.29.47 1.11 1.2.1 2.47.21-1.88 1.62999995-.91.79.27 1.18.56 2.41-2.12-1.28-1.03-.64-1.03000003.62-2.12 1.28.56-2.41.27-1.18-.91-.79-1.88-1.62999995 2.47-.21 1.2-.1.47-1.11zm0-5.13-2.81000003 6.63-7.19.61 5.46 4.72999995-1.64 7.03 6.18000003-3.73 6.18 3.73-1.64-7.03 5.46-4.72999995-7.19-.61z\" fill=\"currentColor\" \/><\/svg>\n\t\t\t\t<\/div>\n\t\t\t<\/div>\n\n\n<h4 class=\"wp-block-heading\">\u00bfDeseas ayudar?<\/h4>\n\n\n\n<p>Siempre estamos buscando el apoyo de la comunidad para ayudar a impulsar nuestra misi\u00f3n m\u00e1s all\u00e1 de lo que podr\u00edamos imaginar. \u00bfTe interesa? Convi\u00e9rtete en un voluntario hoy y se parte del cambio.  Llamanos al 787.621.0205 o visitanos en el Centro FUPSER Cruz Rosa Rivas, Carretera 685, Km 2.7 en Manati, PR 00674.<\/p>\n<\/div><\/div>\n\n\n\n<div class=\"wp-block-coblocks-feature coblocks-feature-71420414472\"><div class=\"wp-block-coblocks-feature__inner has-no-padding\"><div class=\"wp-block-coblocks-icon\">\n\t\t\t\t<div class=\"wp-block-coblocks-icon__inner has-text-color has-primary-color\" style=\"height: 60px; width: 60px;\">\n\t\t\t\t\t<svg fill=\"none\" viewBox=\"0 0 20 20\" xmlns=\"http:\/\/www.w3.org\/2000\/svg\"><path d=\"m4.08163265 16.3265306c-2.25510204 0-4.08163265-1.8265306-4.08163265-4.0816326 0-2.25510208 1.82653061-4.08163269 4.08163265-4.08163269s4.08163266 1.82653061 4.08163266 4.08163269c0 2.255102-1.82653062 4.0816326-4.08163266 4.0816326zm0-6.122449c-1.12244898 0-2.04081632.9183674-2.04081632 2.0408164 0 1.1224489.91836734 2.0408163 2.04081632 2.0408163s2.04081633-.9183674 2.04081633-2.0408163c0-1.122449-.91836735-2.0408164-2.04081633-2.0408164zm7.08163265-2.04081629c-2.25510203 0-4.08163265-1.82653062-4.08163265-4.08163266s1.82653062-4.08163265 4.08163265-4.08163265c2.255102 0 4.0816327 1.82653061 4.0816327 4.08163265s-1.8265307 4.08163266-4.0816327 4.08163266zm0-6.12244898c-1.122449 0-2.04081632.91836734-2.04081632 2.04081632s.91836732 2.04081633 2.04081632 2.04081633 2.0408163-.91836735 2.0408163-2.04081633-.9183673-2.04081632-2.0408163-2.04081632zm4.7142857 17.95918367c-2.255102 0-4.0816326-1.8265306-4.0816326-4.0816327 0-2.255102 1.8265306-4.0816326 4.0816326-4.0816326 2.2551021 0 4.0816327 1.8265306 4.0816327 4.0816326 0 2.2551021-1.8265306 4.0816327-4.0816327 4.0816327zm0-6.122449c-1.122449 0-2.0408163.9183674-2.0408163 2.0408163 0 1.122449.9183673 2.0408164 2.0408163 2.0408164s2.0408163-.9183674 2.0408163-2.0408164c0-1.1224489-.9183673-2.0408163-2.0408163-2.0408163z\" fill=\"currentColor\" \/><\/svg>\n\t\t\t\t<\/div>\n\t\t\t<\/div>\n\n\n<h4 class=\"wp-block-heading\">Apoya nuestra obra<\/h4>\n\n\n\n<p>\u00danase a nuestro al equipo de personas y organizaciones con ideas afines que simplemente quieren un mundo mejor donde vivir. Donde cada voz se escuche, cada mano se toma y cada alma sea igual. Est\u00e1s invitado a unirte a nuestra causa, sabemos que siempre hay algo que puedes compartir. Comunicate con nosotros 787.621.0205 o visitanos en el Centro FUPSER Cruz Rosa Rivas, Carretera 685, Km 2.7 en Manati, PR 00674. Gracias!<\/p>\n<\/div><\/div>\n<\/div><\/div>\n\n\n\n<div class=\"wp-block-group alignfull has-tertiary-background-color has-background mt-0\"><div class=\"wp-block-group__inner-container is-layout-flow wp-block-group-is-layout-flow\">\n<h2 class=\"has-text-align-center wp-block-heading\">\u00bfPodemos contar contigo?<\/h2>\n\n\n\n<div class=\"wp-block-button aligncenter\"><a class=\"wp-block-button__link wp-element-button\" href=\"https:\/\/fupserpr.org\/join-us\/\" target=\"_blank\" rel=\"noreferrer noopener\">Unete a nuestra causa<\/a><\/div>\n<\/div><\/div>\n","protected":false},"excerpt":{"rendered":"<p>Nuestro Trasfondo La Fundaci\u00f3n Unidos para Servir es una organizaci\u00f3n sin fines de lucro (501c3) y un centro EnVision Center designada por el U.S.HUD, la cual surge en el 2017 a partir del compromiso y experiencia de nuestros fundadores en desarrollar la capacidad de autogesti\u00f3n de nuestra poblaci\u00f3n para enfrentar los retos de nuestra comunidad.\u00a0 [&hellip;]<\/p>\n","protected":false},"author":0,"featured_media":0,"parent":0,"menu_order":0,"comment_status":"closed","ping_status":"closed","template":"","meta":{"_coblocks_attr":"","_coblocks_dimensions":"","_coblocks_responsive_height":"","_coblocks_accordion_ie_support":"","hide_page_title":"","footnotes":""},"class_list":["post-8","page","type-page","status-publish","hentry"],"_links":{"self":[{"href":"https:\/\/fupserpr.org\/index.php?rest_route=\/wp\/v2\/pages\/8","targetHints":{"allow":["GET"]}}],"collection":[{"href":"https:\/\/fupserpr.org\/index.php?rest_route=\/wp\/v2\/pages"}],"about":[{"href":"https:\/\/fupserpr.org\/index.php?rest_route=\/wp\/v2\/types\/page"}],"replies":[{"embeddable":true,"href":"https:\/\/fupserpr.org\/index.php?rest_route=%2Fwp%2Fv2%2Fcomments&post=8"}],"version-history":[{"count":31,"href":"https:\/\/fupserpr.org\/index.php?rest_route=\/wp\/v2\/pages\/8\/revisions"}],"predecessor-version":[{"id":196,"href":"https:\/\/fupserpr.org\/index.php?rest_route=\/wp\/v2\/pages\/8\/revisions\/196"}],"wp:attachment":[{"href":"https:\/\/fupserpr.org\/index.php?rest_route=%2Fwp%2Fv2%2Fmedia&parent=8"}],"curies":[{"name":"wp","href":"https:\/\/api.w.org\/{rel}","templated":true}]}}